{"version":"1.0","provider_name":"CO Vincennes","provider_url":"https:\/\/covincennes.com","author_name":"Cole Hibry","author_url":"https:\/\/covincennes.com\/index.php\/author\/chevit-frederic\/","title":"Les U18 du CO Vincennes de retour en Ligue - CO Vincennes","type":"rich","width":600,"height":338,"html":"<blockquote class=\"wp-embedded-content\" data-secret=\"88HdbNCHaw\"><a href=\"https:\/\/covincennes.com\/index.php\/2020\/06\/11\/nos-u18-de-retour-en-ligue\/\">Les U18 du CO Vincennes de retour en Ligue<\/a><\/blockquote><iframe sandbox=\"allow-scripts\" security=\"restricted\" src=\"https:\/\/covincennes.com\/index.php\/2020\/06\/11\/nos-u18-de-retour-en-ligue\/embed\/#?secret=88HdbNCHaw\" width=\"600\" height=\"338\" title=\"\u00ab\u00a0Les U18 du CO Vincennes de retour en Ligue\u00a0\u00bb &#8212; CO Vincennes\" data-secret=\"88HdbNCHaw\" frameborder=\"0\" marginwidth=\"0\" marginheight=\"0\" scrolling=\"no\" class=\"wp-embedded-content\"><\/iframe><script>\n\/*! This file is auto-generated *\/\n!function(d,l){\"use strict\";l.querySelector&&d.addEventListener&&\"undefined\"!=typeof URL&&(d.wp=d.wp||{},d.wp.receiveEmbedMessage||(d.wp.receiveEmbedMessage=function(e){var t=e.data;if((t||t.secret||t.message||t.value)&&!\/[^a-zA-Z0-9]\/.test(t.secret)){for(var s,r,n,a=l.querySelectorAll('iframe[data-secret=\"'+t.secret+'\"]'),o=l.querySelectorAll('blockquote[data-secret=\"'+t.secret+'\"]'),c=new RegExp(\"^https?:$\",\"i\"),i=0;i<o.length;i++)o[i].style.display=\"none\";for(i=0;i<a.length;i++)s=a[i],e.source===s.contentWindow&&(s.removeAttribute(\"style\"),\"height\"===t.message?(1e3<(r=parseInt(t.value,10))?r=1e3:~~r<200&&(r=200),s.height=r):\"link\"===t.message&&(r=new URL(s.getAttribute(\"src\")),n=new URL(t.value),c.test(n.protocol))&&n.host===r.host&&l.activeElement===s&&(d.top.location.href=t.value))}},d.addEventListener(\"message\",d.wp.receiveEmbedMessage,!1),l.addEventListener(\"DOMContentLoaded\",function(){for(var e,t,s=l.querySelectorAll(\"iframe.wp-embedded-content\"),r=0;r<s.length;r++)(t=(e=s[r]).getAttribute(\"data-secret\"))||(t=Math.random().toString(36).substring(2,12),e.src+=\"#?secret=\"+t,e.setAttribute(\"data-secret\",t)),e.contentWindow.postMessage({message:\"ready\",secret:t},\"*\")},!1)))}(window,document);\n\/\/# sourceURL=https:\/\/covincennes.com\/wp-includes\/js\/wp-embed.min.js\n<\/script>\n","thumbnail_url":"https:\/\/covincennes.com\/wp-content\/uploads\/2020\/06\/U18-19-20-5.png","thumbnail_width":750,"thumbnail_height":410,"description":"Cette saison tronqu\u00e9e, si elle a \u00e9t\u00e9 marqu\u00e9e par la terrible pand\u00e9mie dont nous ne sommes encore totalement sortis, aura \u00e9t\u00e9 bonne pour nos \u00e9quipes de jeunes. Nos U16 se sont maintenus en R3, nos U14 ont accompli un parcours plus qu&rsquo;honorable en R2 et nos U18 ont gagn\u00e9 leur ticket pour la R3, ce [&hellip;]"}

Cette saison tronquée, si elle a été marquée par la terrible pandémie dont nous ne sommes encore totalement sortis, aura été bonne pour nos équipes de jeunes. Nos U16 se sont maintenus en R3, nos U14 ont accompli un parcours plus qu&rsquo;honorable en R2 et nos U18 ont gagné leur ticket pour la R3, ce [&hellip;]
