{"version":"1.0","provider_name":"CO Vincennes","provider_url":"https:\/\/covincennes.com","author_name":"Cole Hibry","author_url":"https:\/\/covincennes.com\/index.php\/author\/chevit-frederic\/","title":"Les U9 \u00e0 la crois\u00e9e des chemins - CO Vincennes","type":"rich","width":600,"height":338,"html":"<blockquote class=\"wp-embedded-content\" data-secret=\"kcaDOA782q\"><a href=\"https:\/\/covincennes.com\/index.php\/2021\/06\/23\/les-u9-a-la-croisee-des-chemins\/\">Les U9 \u00e0 la crois\u00e9e des chemins<\/a><\/blockquote><iframe sandbox=\"allow-scripts\" security=\"restricted\" src=\"https:\/\/covincennes.com\/index.php\/2021\/06\/23\/les-u9-a-la-croisee-des-chemins\/embed\/#?secret=kcaDOA782q\" width=\"600\" height=\"338\" title=\"\u00ab\u00a0Les U9 \u00e0 la crois\u00e9e des chemins\u00a0\u00bb &#8212; CO Vincennes\" data-secret=\"kcaDOA782q\" frameborder=\"0\" marginwidth=\"0\" marginheight=\"0\" scrolling=\"no\" class=\"wp-embedded-content\"><\/iframe><script>\n\/*! This file is auto-generated *\/\n!function(d,l){\"use strict\";l.querySelector&&d.addEventListener&&\"undefined\"!=typeof URL&&(d.wp=d.wp||{},d.wp.receiveEmbedMessage||(d.wp.receiveEmbedMessage=function(e){var t=e.data;if((t||t.secret||t.message||t.value)&&!\/[^a-zA-Z0-9]\/.test(t.secret)){for(var s,r,n,a=l.querySelectorAll('iframe[data-secret=\"'+t.secret+'\"]'),o=l.querySelectorAll('blockquote[data-secret=\"'+t.secret+'\"]'),c=new RegExp(\"^https?:$\",\"i\"),i=0;i<o.length;i++)o[i].style.display=\"none\";for(i=0;i<a.length;i++)s=a[i],e.source===s.contentWindow&&(s.removeAttribute(\"style\"),\"height\"===t.message?(1e3<(r=parseInt(t.value,10))?r=1e3:~~r<200&&(r=200),s.height=r):\"link\"===t.message&&(r=new URL(s.getAttribute(\"src\")),n=new URL(t.value),c.test(n.protocol))&&n.host===r.host&&l.activeElement===s&&(d.top.location.href=t.value))}},d.addEventListener(\"message\",d.wp.receiveEmbedMessage,!1),l.addEventListener(\"DOMContentLoaded\",function(){for(var e,t,s=l.querySelectorAll(\"iframe.wp-embedded-content\"),r=0;r<s.length;r++)(t=(e=s[r]).getAttribute(\"data-secret\"))||(t=Math.random().toString(36).substring(2,12),e.src+=\"#?secret=\"+t,e.setAttribute(\"data-secret\",t)),e.contentWindow.postMessage({message:\"ready\",secret:t},\"*\")},!1)))}(window,document);\n\/\/# sourceURL=https:\/\/covincennes.com\/wp-includes\/js\/wp-embed.min.js\n<\/script>\n","thumbnail_url":"https:\/\/covincennes.com\/wp-content\/uploads\/2021\/06\/U9-avec-Aleksandar-Nicic.jpg","thumbnail_width":740,"thumbnail_height":410,"description":"Cette cat\u00e9gorie d\u2019\u00e2ge marque un premier tournant dans le cursus de l\u2019apprenti footballeur. Avec, en toile de fond, le passage du Football d\u2019\u00c9veil \u00e0 la Pr\u00e9formation d\u00e8s les U10. Ce qui implique d\u2019op\u00e9rer une premi\u00e8re orientation qui ne rev\u00eat aucun caract\u00e8re r\u00e9dhibitoire pour la suite. La fin de la saison des U9 est \u00ab\u00a0un moment [&hellip;]"}

Les U9 à la croisée des chemins - CO Vincennes

<blockquote class="wp-embedded-content" data-secret="kcaDOA782q"><a href="https://covincennes.com/index.php/2021/06/23/les-u9-a-la-croisee-des-chemins/">Les U9 à la croisée des chemins</a></blockquote><iframe sandbox="allow-scripts" security="restricted" src="https://covincennes.com/index.php/2021/06/23/les-u9-a-la-croisee-des-chemins/embed/#?secret=kcaDOA782q" width="600" height="338" title="« Les U9 à la croisée des chemins » &#8212; CO Vincennes" data-secret="kcaDOA782q" frameborder="0" marginwidth="0" marginheight="0" scrolling="no" class="wp-embedded-content"></iframe><script>
/*! This file is auto-generated */
!function(d,l){"use strict";l.querySelector&&d.addEventListener&&"undefined"!=typeof URL&&(d.wp=d.wp||{},d.wp.receiveEmbedMessage||(d.wp.receiveEmbedMessage=function(e){var t=e.data;if((t||t.secret||t.message||t.value)&&!/[^a-zA-Z0-9]/.test(t.secret)){for(var s,r,n,a=l.querySelectorAll('iframe[data-secret="'+t.secret+'"]'),o=l.querySelectorAll('blockquote[data-secret="'+t.secret+'"]'),c=new RegExp("^https?:$","i"),i=0;i<o.length;i++)o[i].style.display="none";for(i=0;i<a.length;i++)s=a[i],e.source===s.contentWindow&&(s.removeAttribute("style"),"height"===t.message?(1e3<(r=parseInt(t.value,10))?r=1e3:~~r<200&&(r=200),s.height=r):"link"===t.message&&(r=new URL(s.getAttribute("src")),n=new URL(t.value),c.test(n.protocol))&&n.host===r.host&&l.activeElement===s&&(d.top.location.href=t.value))}},d.addEventListener("message",d.wp.receiveEmbedMessage,!1),l.addEventListener("DOMContentLoaded",function(){for(var e,t,s=l.querySelectorAll("iframe.wp-embedded-content"),r=0;r<s.length;r++)(t=(e=s[r]).getAttribute("data-secret"))||(t=Math.random().toString(36).substring(2,12),e.src+="#?secret="+t,e.setAttribute("data-secret",t)),e.contentWindow.postMessage({message:"ready",secret:t},"*")},!1)))}(window,document);
//# sourceURL=https://covincennes.com/wp-includes/js/wp-embed.min.js
</script>

Cette catégorie d’âge marque un premier tournant dans le cursus de l’apprenti footballeur. Avec, en toile de fond, le passage du Football d’Éveil à la Préformation dès les U10. Ce qui implique d’opérer une première orientation qui ne revêt aucun caractère rédhibitoire pour la suite. La fin de la saison des U9 est « un moment [&hellip;]
