{"version":"1.0","provider_name":"CO Vincennes","provider_url":"https:\/\/covincennes.com","author_name":"Cole Hibry","author_url":"https:\/\/covincennes.com\/index.php\/author\/chevit-frederic\/","title":"Le COV soutient la lutte contre les f\u00e9minicides - CO Vincennes","type":"rich","width":600,"height":338,"html":"<blockquote class=\"wp-embedded-content\" data-secret=\"v1HVC8CvzJ\"><a href=\"https:\/\/covincennes.com\/index.php\/2023\/11\/27\/le-cov-soutient-la-lutte-contre-les-feminicides\/\">Le COV soutient la lutte contre les f\u00e9minicides<\/a><\/blockquote><iframe sandbox=\"allow-scripts\" security=\"restricted\" src=\"https:\/\/covincennes.com\/index.php\/2023\/11\/27\/le-cov-soutient-la-lutte-contre-les-feminicides\/embed\/#?secret=v1HVC8CvzJ\" width=\"600\" height=\"338\" title=\"\u00ab\u00a0Le COV soutient la lutte contre les f\u00e9minicides\u00a0\u00bb &#8212; CO Vincennes\" data-secret=\"v1HVC8CvzJ\" frameborder=\"0\" marginwidth=\"0\" marginheight=\"0\" scrolling=\"no\" class=\"wp-embedded-content\"><\/iframe><script>\n\/*! This file is auto-generated *\/\n!function(d,l){\"use strict\";l.querySelector&&d.addEventListener&&\"undefined\"!=typeof URL&&(d.wp=d.wp||{},d.wp.receiveEmbedMessage||(d.wp.receiveEmbedMessage=function(e){var t=e.data;if((t||t.secret||t.message||t.value)&&!\/[^a-zA-Z0-9]\/.test(t.secret)){for(var s,r,n,a=l.querySelectorAll('iframe[data-secret=\"'+t.secret+'\"]'),o=l.querySelectorAll('blockquote[data-secret=\"'+t.secret+'\"]'),c=new RegExp(\"^https?:$\",\"i\"),i=0;i<o.length;i++)o[i].style.display=\"none\";for(i=0;i<a.length;i++)s=a[i],e.source===s.contentWindow&&(s.removeAttribute(\"style\"),\"height\"===t.message?(1e3<(r=parseInt(t.value,10))?r=1e3:~~r<200&&(r=200),s.height=r):\"link\"===t.message&&(r=new URL(s.getAttribute(\"src\")),n=new URL(t.value),c.test(n.protocol))&&n.host===r.host&&l.activeElement===s&&(d.top.location.href=t.value))}},d.addEventListener(\"message\",d.wp.receiveEmbedMessage,!1),l.addEventListener(\"DOMContentLoaded\",function(){for(var e,t,s=l.querySelectorAll(\"iframe.wp-embedded-content\"),r=0;r<s.length;r++)(t=(e=s[r]).getAttribute(\"data-secret\"))||(t=Math.random().toString(36).substring(2,12),e.src+=\"#?secret=\"+t,e.setAttribute(\"data-secret\",t)),e.contentWindow.postMessage({message:\"ready\",secret:t},\"*\")},!1)))}(window,document);\n\/\/# sourceURL=https:\/\/covincennes.com\/wp-includes\/js\/wp-embed.min.js\n<\/script>\n","thumbnail_url":"https:\/\/covincennes.com\/wp-content\/uploads\/2023\/11\/NousToutes-redimensionnees.jpg","thumbnail_width":643,"thumbnail_height":480,"description":"C&rsquo;\u00e9tait samedi la journ\u00e9e des manifestations contre les f\u00e9minicides, les viols et plus g\u00e9n\u00e9ralement les violences inflig\u00e9es aux femmes. Parmi les slogans que l&rsquo;on pouvait lire sur les pancartes, certains \u00e9taient particuli\u00e8rement gla\u00e7ants, comme \u00ab\u00a0Plus que 15 f\u00e9minicides avant No\u00ebl\u00a0\u00bb, puisque, h\u00e9las ! il y en a en moyenne un tous les deux jours et [&hellip;]"}

Le COV soutient la lutte contre les féminicides - CO Vincennes

<blockquote class="wp-embedded-content" data-secret="v1HVC8CvzJ"><a href="https://covincennes.com/index.php/2023/11/27/le-cov-soutient-la-lutte-contre-les-feminicides/">Le COV soutient la lutte contre les féminicides</a></blockquote><iframe sandbox="allow-scripts" security="restricted" src="https://covincennes.com/index.php/2023/11/27/le-cov-soutient-la-lutte-contre-les-feminicides/embed/#?secret=v1HVC8CvzJ" width="600" height="338" title="« Le COV soutient la lutte contre les féminicides » &#8212; CO Vincennes" data-secret="v1HVC8CvzJ" frameborder="0" marginwidth="0" marginheight="0" scrolling="no" class="wp-embedded-content"></iframe><script>
/*! This file is auto-generated */
!function(d,l){"use strict";l.querySelector&&d.addEventListener&&"undefined"!=typeof URL&&(d.wp=d.wp||{},d.wp.receiveEmbedMessage||(d.wp.receiveEmbedMessage=function(e){var t=e.data;if((t||t.secret||t.message||t.value)&&!/[^a-zA-Z0-9]/.test(t.secret)){for(var s,r,n,a=l.querySelectorAll('iframe[data-secret="'+t.secret+'"]'),o=l.querySelectorAll('blockquote[data-secret="'+t.secret+'"]'),c=new RegExp("^https?:$","i"),i=0;i<o.length;i++)o[i].style.display="none";for(i=0;i<a.length;i++)s=a[i],e.source===s.contentWindow&&(s.removeAttribute("style"),"height"===t.message?(1e3<(r=parseInt(t.value,10))?r=1e3:~~r<200&&(r=200),s.height=r):"link"===t.message&&(r=new URL(s.getAttribute("src")),n=new URL(t.value),c.test(n.protocol))&&n.host===r.host&&l.activeElement===s&&(d.top.location.href=t.value))}},d.addEventListener("message",d.wp.receiveEmbedMessage,!1),l.addEventListener("DOMContentLoaded",function(){for(var e,t,s=l.querySelectorAll("iframe.wp-embedded-content"),r=0;r<s.length;r++)(t=(e=s[r]).getAttribute("data-secret"))||(t=Math.random().toString(36).substring(2,12),e.src+="#?secret="+t,e.setAttribute("data-secret",t)),e.contentWindow.postMessage({message:"ready",secret:t},"*")},!1)))}(window,document);
//# sourceURL=https://covincennes.com/wp-includes/js/wp-embed.min.js
</script>

C&rsquo;était samedi la journée des manifestations contre les féminicides, les viols et plus généralement les violences infligées aux femmes. Parmi les slogans que l&rsquo;on pouvait lire sur les pancartes, certains étaient particulièrement glaçants, comme « Plus que 15 féminicides avant Noël », puisque, hélas ! il y en a en moyenne un tous les deux jours et [&hellip;]
