{"id":8991,"date":"2025-05-27T11:53:30","date_gmt":"2025-05-27T09:53:30","guid":{"rendered":"https:\/\/covincennes.com\/?page_id=8991"},"modified":"2025-06-09T09:37:46","modified_gmt":"2025-06-09T07:37:46","slug":"food-truck-burgers","status":"publish","type":"page","link":"https:\/\/covincennes.com\/index.php\/food-truck-burgers\/","title":{"rendered":"Food Truck Burgers"},"content":{"rendered":"<h2><span style=\"color: #0000ff;\"><u>Le Beef<\/u><\/span><\/h2>\n<p><strong>Steak hach\u00e9 fa\u00e7on bouch\u00e8re<\/strong>, pain artisanal, sauce maison, salade, tomates, cornichons<\/p>\n<h2><span style=\"color: #0000ff;\"><u>Le Veggy<\/u><\/span><\/h2>\n<p><strong>Galettes de l\u00e9gumes maison<\/strong>, pain artisanal, sauce maison, salade, tomates, cornichons<\/p>\n<h2><span style=\"color: #0000ff;\"><u>Le Payot<\/u><\/span><u><\/u><\/h2>\n<p><strong>\u00c9minc\u00e9s de poulet marin\u00e9<\/strong>, pain artisanal, sauce maison, salade, tomates, cornichons<\/p>\n","protected":false},"excerpt":{"rendered":"<p>Le Beef Steak hach\u00e9 fa\u00e7on bouch\u00e8re, pain artisanal, sauce maison, salade, tomates, cornichons Le Veggy Galettes de l\u00e9gumes maison, pain artisanal, sauce maison, salade, tomates, cornichons Le Payot \u00c9minc\u00e9s de poulet marin\u00e9, pain artisanal, sauce maison, salade, tomates, cornichons<\/p>\n","protected":false},"author":3,"featured_media":0,"parent":0,"menu_order":0,"comment_status":"closed","ping_status":"closed","template":"","meta":{"_monsterinsights_skip_tracking":false,"_monsterinsights_sitenote_active":false,"_monsterinsights_sitenote_note":"","_monsterinsights_sitenote_category":0,"footnotes":""},"class_list":["post-8991","page","type-page","status-publish","hentry","entry"],"yoast_head":"<!-- This site is optimized with the Yoast SEO plugin v19.6.1 - https:\/\/yoast.com\/wordpress\/plugins\/seo\/ -->\n<title>Food Truck Burgers - CO Vincennes<\/title>\n<meta name=\"robots\" content=\"index, follow, max-snippet:-1, max-image-preview:large, max-video-preview:-1\" \/>\n<link rel=\"canonical\" href=\"https:\/\/covincennes.com\/index.php\/food-truck-burgers\/\" \/>\n<meta property=\"og:locale\" content=\"fr_FR\" \/>\n<meta property=\"og:type\" content=\"article\" \/>\n<meta property=\"og:title\" content=\"Food Truck Burgers - CO Vincennes\" \/>\n<meta property=\"og:description\" content=\"Le Beef Steak hach\u00e9 fa\u00e7on bouch\u00e8re, pain artisanal, sauce maison, salade, tomates, cornichons Le Veggy Galettes de l\u00e9gumes maison, pain artisanal, sauce maison, salade, tomates, cornichons Le Payot \u00c9minc\u00e9s de poulet marin\u00e9, pain artisanal, sauce maison, salade, tomates, cornichons\" \/>\n<meta property=\"og:url\" content=\"https:\/\/covincennes.com\/index.php\/food-truck-burgers\/\" \/>\n<meta property=\"og:site_name\" content=\"CO Vincennes\" \/>\n<meta property=\"article:publisher\" content=\"https:\/\/www.facebook.com\/CO-VINCENNES-la-page-officielle-136021893155921\/\" \/>\n<meta property=\"article:modified_time\" content=\"2025-06-09T07:37:46+00:00\" \/>\n<meta name=\"twitter:card\" content=\"summary_large_image\" \/>\n<meta name=\"twitter:site\" content=\"@covincennes\" \/>\n<meta name=\"twitter:label1\" content=\"Dur\u00e9e de lecture estim\u00e9e\" \/>\n\t<meta name=\"twitter:data1\" content=\"1 minute\" \/>\n<script type=\"application\/ld+json\" class=\"yoast-schema-graph\">{\"@context\":\"https:\/\/schema.org\",\"@graph\":[{\"@type\":\"WebPage\",\"@id\":\"https:\/\/covincennes.com\/index.php\/food-truck-burgers\/\",\"url\":\"https:\/\/covincennes.com\/index.php\/food-truck-burgers\/\",\"name\":\"Food Truck Burgers - CO Vincennes\",\"isPartOf\":{\"@id\":\"https:\/\/covincennes.com\/#website\"},\"datePublished\":\"2025-05-27T09:53:30+00:00\",\"dateModified\":\"2025-06-09T07:37:46+00:00\",\"breadcrumb\":{\"@id\":\"https:\/\/covincennes.com\/index.php\/food-truck-burgers\/#breadcrumb\"},\"inLanguage\":\"fr-FR\",\"potentialAction\":[{\"@type\":\"ReadAction\",\"target\":[\"https:\/\/covincennes.com\/index.php\/food-truck-burgers\/\"]}]},{\"@type\":\"BreadcrumbList\",\"@id\":\"https:\/\/covincennes.com\/index.php\/food-truck-burgers\/#breadcrumb\",\"itemListElement\":[{\"@type\":\"ListItem\",\"position\":1,\"name\":\"Accueil\",\"item\":\"https:\/\/covincennes.com\/\"},{\"@type\":\"ListItem\",\"position\":2,\"name\":\"Food Truck Burgers\"}]},{\"@type\":\"WebSite\",\"@id\":\"https:\/\/covincennes.com\/#website\",\"url\":\"https:\/\/covincennes.com\/\",\"name\":\"CO Vincennes\",\"description\":\"Un site utilisant WordPress\",\"publisher\":{\"@id\":\"https:\/\/covincennes.com\/#organization\"},\"potentialAction\":[{\"@type\":\"SearchAction\",\"target\":{\"@type\":\"EntryPoint\",\"urlTemplate\":\"https:\/\/covincennes.com\/?s={search_term_string}\"},\"query-input\":\"required name=search_term_string\"}],\"inLanguage\":\"fr-FR\"},{\"@type\":\"Organization\",\"@id\":\"https:\/\/covincennes.com\/#organization\",\"name\":\"CO Vincennes\",\"url\":\"https:\/\/covincennes.com\/\",\"sameAs\":[\"https:\/\/www.facebook.com\/CO-VINCENNES-la-page-officielle-136021893155921\/\",\"https:\/\/twitter.com\/covincennes\"],\"logo\":{\"@type\":\"ImageObject\",\"inLanguage\":\"fr-FR\",\"@id\":\"https:\/\/covincennes.com\/#\/schema\/logo\/image\/\",\"url\":\"https:\/\/covincennes.com\/wp-content\/uploads\/2019\/11\/logo-cov-png.png\",\"contentUrl\":\"https:\/\/covincennes.com\/wp-content\/uploads\/2019\/11\/logo-cov-png.png\",\"width\":495,\"height\":497,\"caption\":\"CO Vincennes\"},\"image\":{\"@id\":\"https:\/\/covincennes.com\/#\/schema\/logo\/image\/\"}}]}<\/script>\n<!-- \/ Yoast SEO plugin. -->","yoast_head_json":{"title":"Food Truck Burgers - CO Vincennes","robots":{"index":"index","follow":"follow","max-snippet":"max-snippet:-1","max-image-preview":"max-image-preview:large","max-video-preview":"max-video-preview:-1"},"canonical":"https:\/\/covincennes.com\/index.php\/food-truck-burgers\/","og_locale":"fr_FR","og_type":"article","og_title":"Food Truck Burgers - CO Vincennes","og_description":"Le Beef Steak hach\u00e9 fa\u00e7on bouch\u00e8re, pain artisanal, sauce maison, salade, tomates, cornichons Le Veggy Galettes de l\u00e9gumes maison, pain artisanal, sauce maison, salade, tomates, cornichons Le Payot \u00c9minc\u00e9s de poulet marin\u00e9, pain artisanal, sauce maison, salade, tomates, cornichons","og_url":"https:\/\/covincennes.com\/index.php\/food-truck-burgers\/","og_site_name":"CO Vincennes","article_publisher":"https:\/\/www.facebook.com\/CO-VINCENNES-la-page-officielle-136021893155921\/","article_modified_time":"2025-06-09T07:37:46+00:00","twitter_card":"summary_large_image","twitter_site":"@covincennes","twitter_misc":{"Dur\u00e9e de lecture estim\u00e9e":"1 minute"},"schema":{"@context":"https:\/\/schema.org","@graph":[{"@type":"WebPage","@id":"https:\/\/covincennes.com\/index.php\/food-truck-burgers\/","url":"https:\/\/covincennes.com\/index.php\/food-truck-burgers\/","name":"Food Truck Burgers - CO Vincennes","isPartOf":{"@id":"https:\/\/covincennes.com\/#website"},"datePublished":"2025-05-27T09:53:30+00:00","dateModified":"2025-06-09T07:37:46+00:00","breadcrumb":{"@id":"https:\/\/covincennes.com\/index.php\/food-truck-burgers\/#breadcrumb"},"inLanguage":"fr-FR","potentialAction":[{"@type":"ReadAction","target":["https:\/\/covincennes.com\/index.php\/food-truck-burgers\/"]}]},{"@type":"BreadcrumbList","@id":"https:\/\/covincennes.com\/index.php\/food-truck-burgers\/#breadcrumb","itemListElement":[{"@type":"ListItem","position":1,"name":"Accueil","item":"https:\/\/covincennes.com\/"},{"@type":"ListItem","position":2,"name":"Food Truck Burgers"}]},{"@type":"WebSite","@id":"https:\/\/covincennes.com\/#website","url":"https:\/\/covincennes.com\/","name":"CO Vincennes","description":"Un site utilisant WordPress","publisher":{"@id":"https:\/\/covincennes.com\/#organization"},"potentialAction":[{"@type":"SearchAction","target":{"@type":"EntryPoint","urlTemplate":"https:\/\/covincennes.com\/?s={search_term_string}"},"query-input":"required name=search_term_string"}],"inLanguage":"fr-FR"},{"@type":"Organization","@id":"https:\/\/covincennes.com\/#organization","name":"CO Vincennes","url":"https:\/\/covincennes.com\/","sameAs":["https:\/\/www.facebook.com\/CO-VINCENNES-la-page-officielle-136021893155921\/","https:\/\/twitter.com\/covincennes"],"logo":{"@type":"ImageObject","inLanguage":"fr-FR","@id":"https:\/\/covincennes.com\/#\/schema\/logo\/image\/","url":"https:\/\/covincennes.com\/wp-content\/uploads\/2019\/11\/logo-cov-png.png","contentUrl":"https:\/\/covincennes.com\/wp-content\/uploads\/2019\/11\/logo-cov-png.png","width":495,"height":497,"caption":"CO Vincennes"},"image":{"@id":"https:\/\/covincennes.com\/#\/schema\/logo\/image\/"}}]}},"_links":{"self":[{"href":"https:\/\/covincennes.com\/index.php\/wp-json\/wp\/v2\/pages\/8991","targetHints":{"allow":["GET"]}}],"collection":[{"href":"https:\/\/covincennes.com\/index.php\/wp-json\/wp\/v2\/pages"}],"about":[{"href":"https:\/\/covincennes.com\/index.php\/wp-json\/wp\/v2\/types\/page"}],"author":[{"embeddable":true,"href":"https:\/\/covincennes.com\/index.php\/wp-json\/wp\/v2\/users\/3"}],"replies":[{"embeddable":true,"href":"https:\/\/covincennes.com\/index.php\/wp-json\/wp\/v2\/comments?post=8991"}],"version-history":[{"count":5,"href":"https:\/\/covincennes.com\/index.php\/wp-json\/wp\/v2\/pages\/8991\/revisions"}],"predecessor-version":[{"id":9102,"href":"https:\/\/covincennes.com\/index.php\/wp-json\/wp\/v2\/pages\/8991\/revisions\/9102"}],"wp:attachment":[{"href":"https:\/\/covincennes.com\/index.php\/wp-json\/wp\/v2\/media?parent=8991"}],"curies":[{"name":"wp","href":"https:\/\/api.w.org\/{rel}","templated":true}]}}